011279?
False
Does 41 divide 11269260?
True
Is 243466657 a multiple of 409?
True
Is 9 a factor of 247514918?
False
Is 26765426 a multiple of 41?
False
Does 2 divide 34434388?
True
Is 3361 a factor of 32352986?
True
Is 169 a factor of 59113282?
False
Is 1635 a factor of 3348988?
False
Is 23 a factor of 1705812381?
False
Is 19 a factor of 72497217?
True
Is 312 a factor of 645605488?
False
Does 4 divide 1240997?
False
Does 33 divide 13817463?
True
Does 27 divide 281992293?
True
Is 1268225912 a multiple of 232?
True
Is 57973840 a multiple of 166?
True
Is 16129287 a multiple of 849?
False
Is 14797243 a multiple of 30?
False
Is 137039668 a multiple of 2619?
False
Does 13 divide 1068106?
True
Is 13 a factor of 350000118?
True
Is 589430791 a multiple of 16?
False
Does 20 divide 76246980?
True
Is 4916749136 a multiple of 597?
False
Is 31666376 a multiple of 31?
True
Is 6247080 a multiple of 444?
True
Is 1057 a factor of 215369035?
True
Is 285561 a multiple of 9?
True
Does 3269 divide 1222315059?
True
Is 54 a factor of 52652924?
False
Is 14 a factor of 408072042?
True
Is 150 a factor of 135870379?
False
Is 152256728 a multiple of 1926?
False
Is 492932543 a multiple of 6045?
False
Does 139 divide 21813336?
False
Does 27 divide 62839017?
True
Is 138 a factor of 373148818?
False
Does 2533 divide 135234337?
True
Is 16906623 a multiple of 2523?
True
Is 21 a factor of 4153108?
False
Is 27634903 a multiple of 2?
False
Is 562454448 a multiple of 2064?
True
Is 1216549421 a multiple of 202?
False
Does 1245 divide 650798537?
False
Is 47010874 a multiple of 109?
False
Is 38 a factor of 45065289?
False
Is 12539744 a multiple of 136?
True
Is 2753 a factor of 454924991?
True
Is 120243888 a multiple of 144?
True
Is 17026220 a multiple of 590?
True
Is 196 a factor of 157417440?
False
Is 5228864890 a multiple of 6797?
False
Is 406 a factor of 29430692?
False
Is 60 a factor of 31633260?
True
Is 2925283650 a multiple of 58?
True
Does 4804 divide 488975004?
False
Is 867142350 a multiple of 30?
True
Is 11 a factor of 9262957?
True
Is 3504999 a multiple of 20?
False
Is 19 a factor of 5490259?
True
Does 88 divide 379658488?
True
Is 2999488 a multiple of 32?
True
Is 1419779849 a multiple of 456?
False
Does 1128 divide 625195627?
False
Is 54 a factor of 126742482?
True
Is 161 a factor of 15256199?
True
Does 79 divide 275374308?
False
Is 27 a factor of 81097470?
True
Is 4143678 a multiple of 52?
False
Is 47 a factor of 1059266?
False
Is 3163260 a multiple of 2?
True
Does 26 divide 30508323?
False
Does 79 divide 33420005?
False
Is 47 a factor of 1182957805?
True
Is 1825 a factor of 156523314?
False
Does 14 divide 390992133?
False
Does 171 divide 48366015?
False
Does 969 divide 423928891?
False
Is 14 a factor of 187346166?
True
Does 10 divide 2232969?
False
Is 1776989084 a multiple of 18?
False
Does 208 divide 43135040?
True
Is 198836880 a multiple of 44?
True
Does 6 divide 11757348?
True
Does 1183 divide 107340688?
True
Is 173991222 a multiple of 2297?
False
Is 1507527480 a multiple of 347?
False
Is 2383 a factor of 1734016859?
False
Is 70196835 a multiple of 518?
False
Is 2452 a factor of 39629224?
True
Is 569 a factor of 16309816?
True
Is 2436 a factor of 142540104?
True
Is 11334431 a multiple of 271?
False
Is 214575974 a multiple of 2174?
True
Does 683 divide 181738444?
False
Does 2095 divide 291158097?
False
Does 48 divide 651341202?
False
Does 223 divide 4616100?
True
Does 4 divide 712098265?
False
Is 17 a factor of 66640731?
True
Is 1472665639 a multiple of 6627?
False
Does 83 divide 47950266?
False
Does 5150 divide 219287000?
True
Is 9172944 a multiple of 144?
True
Is 62224800 a multiple of 15?
True
Does 159 divide 31724316?
True
Is 4504 a factor of 1121535293?
False
Does 94 divide 50195057?
False
Does 1108 divide 261331772?
True
Is 391 a factor of 24499997?
False
Does 619 divide 17863243?
False
Is 21 a factor of 393391404?
True
Is 446295313 a multiple of 1327?
True
Does 1321 divide 387270365?
False
Is 12319650 a multiple of 6?
True
Is 3364300485 a multiple of 117?
True
Is 68 a factor of 3774666?
False
Does 31 divide 5126880885?
False
Is 238134684 a multiple of 93?
True
Is 371898537 a multiple of 77?
False
Does 15 divide 47376225?
True
Is 1715 a factor of 5062052?
False
Is 8 a factor of 262930845?
False
Does 201 divide 5570916?
True
Is 23 a factor of 69335064?
True
Is 1929 a factor of 1220595969?
True
Is 34 a factor of 310577828?
True
Is 1166669333 a multiple of 7741?
True
Is 1878855 a multiple of 15?
True
Is 627 a factor of 336569711?
False
Is 1421734125 a multiple of 19?
False
Is 3740 a factor of 57741860?
True
Is 9 a factor of 24037866?
True
Does 33 divide 16414530?
True
Does 664 divide 66579280?
True
Is 3845335 a multiple of 8?
False
Is 680461219 a multiple of 9?
False
Does 51 divide 26364093?
True
Is 15594674 a multiple of 3?
False
Does 11 divide 122459117?
True
Is 56 a factor of 37557924?
False
Is 24482800 a multiple of 485?
True
Does 31 divide 30784178?
True
Is 31 a factor of 16984365?
False
Is 1174455660 a multiple of 1981?
True
Is 206 a factor of 4676576?
False
Is 29 a factor of 84405147?
False
Does 21 divide 139670705?
False
Is 114 a factor of 826191858?
True
Is 82756680 a multiple of 8?
True
Does 48 divide 95519060?
False
Does 15 divide 58878525?
True
Is 565 a factor of 272471606?
False
Is 19675325 a multiple of 874?
False
Is 375002102 a multiple of 44?
False
Is 411269540 a multiple of 78?
False
Is 1983719100 a multiple of 15?
True
Does 902 divide 230038864?
True
Is 2259 a factor of 42887115?
True
Is 582 a factor of 230730408?
True
Is 344427864 a multiple of 6028?
True
Is 8 a factor of 18029708?
False
Is 1194645076 a multiple of 2955?
False
Is 2022383712 a multiple of 912?
True
Is 4007520 a multiple of 220?
True
Does 29 divide 6835896?
False
Does 181 divide 84635600?
True
Does 789 divide 2038466576?
False
Does 459 divide 348290577?
True
Does 1384 divide 79185564?
False
Does 22 divide 43902250?
False
Is 32 a factor of 1810738688?
True
Is 18507104 a multiple of 464?
True
Does 54 divide 2138751740?
False
Is 12637 a factor of 1492222082?
False
Is 23238900 a multiple of 87?
False
Does 55 divide 21860725?
False
Does 952 divide 908881?
False
Is 63392960 a multiple of 8?
True
Does 12 divide 26290675?
False
Is 396 a factor of 1337607216?
True
Is 90666008 a multiple of 122?
True
Is 268533243 a multiple of 137?
False
Is 546710868 a multiple of 7822?
True
Is 74731906 a multiple of 4?
False
Is 9908080 a multiple of 52?
True
Is 915 a factor of 56539680?
True
Does 22 divide 572319981?
False
Is 2318 a factor of 130555470?
False
Is 1329378345 a multiple of 15?
True
Is 77054154 a multiple of 134?
True
Is 20 a factor of 12694449?
False
Is 17 a factor of 403641557?
True
Does 100 divide 3577700?
True
Is 135191943 a multiple of 9?
True
Is 97041175 a multiple of 385?
True
Does 9 divide 26141391?
True
Is 1026 a factor of 919507356?
True
Does 15 divide 113475690?
True
Is 3220 a factor of 413267680?
True
Does 416 divide 21409856?
True
Does 165 divide 306103724?
False
Is 64541310 a multiple of 30?
True
Does 69 divide 263085?
False
Is 377 a factor of 550595843?
False
Is 1739437875 a multiple of 459?
True
Is 545 a factor of 1515015833?
False
Is 610 a factor of 12696148?
False
Does 14 divide 2013632922?
True
Is 281928459 a multiple of 29?
True
Does 276 divide 453148804?
False
Does 12 divide 157478504?
False
Does 436 divide 76661349?
False
Is 36 a factor of 103742177?
False
Is 326 a factor of 458410637?
False
Does 6 divide 136329274?
False
Is 647057928 a multiple of 5528?
True
Is 49467784 a multiple of 2137?
False
Is 131 a factor of 67113225?
False
Is 916 a factor of 1259464?
False
Is 12625492 a multiple of 374?
True
Is 172 a factor of 67312815?
False
Is 223987872 a multiple of 96?
True
Does 592 divide 4617810?
False
Is 49858263 a multiple of 2?
False
Does 156 divide 6846528?
True
Is 936423840 a multiple of 230?
True
Does 53 divide 932232847?
True
Does 23 divide 139505948?
True
Is 133 a factor of 25303211?
False
Does 896 divide 10896793?
False
Does 207 divide 1451534094?
True
Does 490 divide 3118357550?
True
Is 7 a factor of 123734161?
False
Does 735 divide 121587305?
False
Is 92312415 a multiple of 321?
False
Does 9 divide 2990924?
False
Is 530 a factor of 355592873?
False
Is 180 a facto